 409
What are the prime factors of 19852415?
5, 11, 360953
List the prime factors of 3759640.
2, 5, 193, 487
List the prime factors of 1542322.
2, 103, 7487
What are the prime factors of 14415327?
3, 177967
What are the prime factors of 1158554?
2, 579277
What are the prime factors of 1797384?
2, 3, 74891
What are the prime factors of 3234265?
5, 73, 8861
List the prime factors of 1853222.
2, 7, 19, 6967
List the prime factors of 279617.
13, 137, 157
What are the prime factors of 354603?
3, 17, 409
List the prime factors of 273613.
273613
What are the prime factors of 57170?
2, 5, 5717
What are the prime factors of 2576028?
2, 3, 7, 13, 337
List the prime factors of 139401.
3, 1721
List the prime factors of 10924912.
2, 59, 71, 163
List the prime factors of 396515.
5, 7, 11329
What are the prime factors of 42450889?
13, 1229, 2657
What are the prime factors of 452014?
2, 226007
List the prime factors of 17975230.
2, 5, 7, 13, 19753
List the prime factors of 1797851.
11, 137, 1193
List the prime factors of 1390190.
2, 5, 43, 53, 61
List the prime factors of 233612.
2, 58403
What are the prime factors of 578808?
2, 3, 8039
List the prime factors of 958898.
2, 263, 1823
List the prime factors of 1255762.
2, 97, 6473
What are the prime factors of 2965346?
2, 113, 13121
List the prime factors of 35262656.
2, 11, 13, 3853
What are the prime factors of 3792895?
5, 758579
List the prime factors of 138281.
11, 13, 967
List the prime factors of 1649949.
3, 7, 78569
What are the prime factors of 144275?
5, 29, 199
What are the prime factors of 8057371?
7, 17, 67709
List the prime factors of 302787.
3, 17, 1979
List the prime factors of 6626668.
2, 17, 19, 23, 223
List the prime factors of 13632863.
13632863
List the prime factors of 181605.
3, 5, 12107
What are the prime factors of 35588338?
2, 1129, 15761
List the prime factors of 920814.
2, 3, 153469
List the prime factors of 2746645.
5, 11, 49939
List the prime factors of 383411.
7, 54773
What are the prime factors of 305107?
11, 27737
List the prime factors of 7836988.
2, 73, 26839
List the prime factors of 1701360.
2, 3, 5, 17, 139
List the prime factors of 1533618.
2, 3, 85201
What are the prime factors of 554439?
3, 19, 71, 137
What are the prime factors of 8872852?
2, 2218213
What are the prime factors of 1595778?
2, 3, 317, 839
List the prime factors of 284794.
2, 131, 1087
What are the prime factors of 881541?
3, 41, 2389
List the prime factors of 452901.
3, 150967
What are the prime factors of 386090?
2, 5, 38609
List the prime factors of 2186634.
2, 3, 19, 19181
List the prime factors of 415503.
3, 11, 1399
List the prime factors of 81466.
2, 7, 11, 23
List the prime factors of 474026.
2, 7, 691
List the prime factors of 168660.
2, 3, 5, 937
List the prime factors of 25396374.
2, 3, 61, 69389
List the prime factors of 704511.
3, 97, 269
List the prime factors of 2553158.
2, 1276579
List the prime factors of 3099927.
3, 1033309
List the prime factors of 6038289.
3, 37, 18133
What are the prime factors of 77173?
229, 337
List the prime factors of 523031.
523031
What are the prime factors of 150208?
2, 2347
What are the prime factors of 1021521?
3, 163, 2089
What are the prime factors of 3618852?
2, 3, 29, 10399
List the prime factors of 2422957.
2422957
What are the prime factors of 573412?
2, 7, 20479
List the prime factors of 467433.
3, 167, 311
List the prime factors of 869226.
2, 3, 277, 523
What are the prime factors of 21918630?
2, 3, 5, 137, 5333
What are the prime factors of 1110387?
3, 359, 1031
List the prime factors of 4244957.
1801, 2357
List the prime factors of 2377757.
2377757
List the prime factors of 187052.
2, 101, 463
What are the prime factors of 1046158?
2, 101, 5179
List the prime factors of 2509446.
2, 3, 41, 101
List the prime factors of 953098.
2, 229, 2081
What are the prime factors of 7945400?
2, 5, 39727
What are the prime factors of 915741?
3, 101749
List the prime factors of 7005.
3, 5, 467
List the prime factors of 1061202.
2, 3, 137, 1291
List the prime factors of 607822.
2, 127, 2393
List the prime factors of 59496.
2, 3, 37, 67
What are the prime factors of 2430312?
2, 3, 131, 773
What are the prime factors of 12419486?
2, 17, 21487
What are the prime factors of 5443904?
2, 85061
What are the prime factors of 202981?
202981
List the prime factors of 112861.
7, 23, 701
List the prime factors of 195256.
2, 24407
List the prime factors of 139299.
3, 59, 787
What are the prime factors of 1664105?
5, 241, 1381
List the prime factors of 112100.
2, 5, 19, 59
List the prime factors of 612865.
5, 11, 1013
List the prime factors of 2587195.
5, 13, 53, 751
List the prime factors of 7184682.
2, 3, 399149
List the prime factors of 960966.
2, 3, 197, 271
What are the prime factors of 786606?
2, 3, 131101
What are the prime factors of 11228456?
2, 1403557
List the prime factors of 392549.
392549
List the prime factors of 13878125.
5, 4441
What are the prime factors of 16886859?
3, 11, 511723
List the prime factors of 256968.
2, 3, 43, 83
What are the prime factors of 3493914?
2, 3, 582319
List the prime factors of 20887310.
2, 5, 2088731
List the prime factors of 1005598.
2, 11, 43, 1063
List the prime factors of 178044.
2, 3, 37, 401
List the prime factors of 12294703.
12294703
What are the prime factors of 1986833?
293, 6781
What are the prime factors of 5231405?
5, 31, 33751
List the prime factors of 12683182.
2, 6341591
List the prime factors of 8141883.
3, 2713961
List the prime factors of 177749.
11, 13, 113
List the prime factors of 3199446.
2, 3, 179, 331
What are the prime factors of 25113?
3, 11, 761
List the prime factors of 146963.
281, 523
What are the prime factors of 20289?
3, 6763
What are the prime factors of 851264?
2, 47, 283
List the prime factors of 170938.
2, 85469
What are the prime factors of 778343?
23, 43, 787
What are the prime factors of 159921?
3, 5923
What are the prime factors of 721248?
2, 3, 11, 683
What are the prime factors of 20487532?
2, 13, 30307
List the prime factors of 297335.
5, 59467
What are the prime factors of 3265589?
3265589
List the prime factors of 308241.
3, 29, 1181
What are the prime factors of 10854070?
2, 5, 1085407
What are the prime factors of 4093385?
5, 43, 79, 241
What are the prime factors of 6276706?
2, 17, 184609
List the prime factors of 988481.
13, 5849
List the prime factors of 26413007.
83, 318229
What are the prime factors of 30791783?
11, 2799253
What are the prime factors of 121064?
2, 37, 409
What are the prime factors of 41545?
5, 7, 1187
What are the prime factors of 23054?
2, 11527
List the prime factors of 8875434.
2, 3, 41, 109, 331
List the prime factors of 2632189.
7, 23, 16349
List the prime factors of 17752788.
2, 3, 493133
List the prime factors of 174172.
2, 43543
List the prime factors of 5943753.
3, 29, 7591
What are the prime factors of 633865?
5, 331, 383
What are the prime factors of 485440?
2, 5, 37, 41
What are the prime factors of 691477?
179, 3863
List the prime factors of 5865870.
2, 3, 5, 19, 41, 251
List the prime factors of 3279887.
13, 157, 1607
What are the prime factors of 7049973?
3, 7, 199, 241
What are the prime factors of 753437?
753437
List the prime factors of 3657035.
5, 431, 1697
List the prime factors of 2812140.
2, 3, 5, 17, 919
List the prime factors of 5014656.
2, 3, 1451
What are the prime factors of 818150?
2, 5, 16363
What are the prime factors of 7585379?
7585379
What are the prime factors of 1447055?
5, 167, 1733
What are the prime factors of 1933936?
2, 120871
List the prime factors of 12276187.
7, 11, 159431
List the prime factors of 5068264.
2, 71, 8923
What are the prime factors of 566222?
2, 283111
What are the prime factors of 26904421?
17, 461, 3433
List the prime factors of 2939811.
3, 7, 139991
List the prime factors of 33661400.
2, 5, 47, 3581
What are the prime factors of 2114175?
3, 5, 7, 4027
List the prime factors of 1019019.
3, 339673
List the prime factors of 1293959.
487, 2657
List the prime factors of 2502584.
2, 7, 23, 29, 67
What are the prime factors of 24036126?
2, 3, 73, 54877
List the prime factors of 936023.
11, 85093
What are the prime factors of 13248548?
2, 19, 47, 3709
List the prime factors of 15371.
19, 809
What are the prime f